
243411 (base 5) to base 14
3515
What is -251 (base 9) in base 7?
-415
What is -1020220 (base 3) in base 4?
-32103
1012122212 (base 3) to base 9
35585
-14f (base 16) to base 3
-110102
What is -1a5 (base 12) in base 8?
-415
-347 (base 9) to base 5
-2121
What is 101121000 (base 3) in base 7?
31341
Convert 330 (base 6) to base 9.
150
What is 11309 (base 11) in base 16?
3fd8
1cc4 (base 13) to base 3
20000102
What is 244 (base 11) in base 3?
101202
What is -743 (base 12) in base 7?
-3042
1000201 (base 3) to base 13
457
-320 (base 13) to base 5
-4113
What is -16631 (base 7) in base 9?
-6485
Convert -125350 (base 6) to base 3.
-120220010
What is -3b235 (base 12) in base 7?
-456512
Convert 4001 (base 5) to base 8.
765
What is -337d (base 16) in base 6?
-141005
-21112232 (base 4) to base 2
-1001010110101110
What is 21100001 (base 3) in base 16?
14e3
Convert -1212023 (base 4) to base 3.
-22222012
Convert -14345 (base 7) to base 8.
-7561
Convert 9751 (base 15) to base 4.
13310122
6b01 (base 13) to base 16
3ac2
What is -7787 (base 9) in base 3?
-21212221
What is -441234 (base 5) in base 11?
-10463
-100010101 (base 2) to base 10
-277
Convert 44059 (base 10) to base 16.
ac1b
What is 14421 (base 6) in base 15?
a47
What is 10111001110 (base 2) in base 10?
1486
Convert 2001 (base 3) to base 5.
210
Convert 442 (base 15) to base 4.
33002
What is 3203 (base 7) in base 8?
2152
Convert -2695 (base 16) to base 15.
-2dd7
Convert 10011011100 (base 2) to base 3.
1201002
What is 110011010110 (base 2) in base 8?
6326
10100101111 (base 2) to base 9
1734
-747 (base 14) to base 11
-1095
What is -357 (base 10) in base 2?
-101100101
What is 2567 (base 10) in base 3?
10112002
-35161 (base 8) to base 14
-5649
Convert -adc (base 16) to base 12.
-1738
What is -1202 (base 8) in base 2?
-1010000010
476 (base 9) to base 14
201
18649 (base 11) to base 4
12113110
Convert 201120 (base 3) to base 11.
440
What is 38 (base 9) in base 11?
32
What is 6 (base 7) in base 12?
6
What is -266 (base 16) in base 12?
-432
What is 141542 (base 7) in base 2?
110100110010101
What is 532 (base 12) in base 8?
1366
Convert 400 (base 11) to base 3.
122221
-1124 (base 6) to base 10
-268
Convert -72280 (base 10) to base 13.
-26b90
What is 1100112 (base 3) in base 16?
3da
-1120021 (base 4) to base 15
-1a11
What is -4804 (base 9) in base 6?
-24304
-1cb (base 16) to base 4
-13023
What is -101001011110100 (base 2) in base 12?
-10358
69 (base 13) to base 9
106
What is 201315 (base 6) in base 2?
11111000001111
Convert -931 (base 14) to base 6.
-12211
-10012211120 (base 3) to base 9
-105746
25 (base 10) to base 11
23
What is 21401 (base 5) in base 10?
1476
What is -208 (base 15) in base 11?
-387
Convert -13001012 (base 4) to base 13.
-1010c
Convert 171 (base 9) to base 7.
265
-4342 (base 6) to base 8
-1746
Convert 1b20 (base 15) to base 6.
43120
-413423 (base 6) to base 14
-c15d
Convert -1101011100 (base 2) to base 15.
-3c5
-75632 (base 8) to base 16
-7b9a
31507 (base 10) to base 14
b6a7
Convert 3013103 (base 4) to base 12.
746b
What is 100230 (base 4) in base 8?
2054
What is -11202112 (base 3) in base 2?
-110110001110
Convert -988 (base 12) to base 11.
-1063
-32e (base 15) to base 9
-878
Convert -1430432 (base 5) to base 12.
-15519
Convert 839 (base 13) to base 11.
1063
Convert a80 (base 11) to base 15.
5b8
-1021021 (base 3) to base 6
-4141
What is 221220200 (base 3) in base 9?
27820
What is -3035 (base 8) in base 2?
-11000011101
Convert 1212 (base 9) to base 6.
4102
What is -1276 (base 10) in base 16?
-4fc
What is -10011011000111 (base 2) in base 13?
-4698
Convert -13044 (base 5) to base 6.
-4424
Convert -51 (base 15) to base 8.
-114
-981 (base 10) to base 15
-456
-1012011 (base 3) to base 13
-51a
-17285 (base 10) to base 11
-11a94
-431 (base 14) to base 5
-11302
Convert -b1 (base 12) to base 14.
-97
Convert 212 (base 16) to base 14.
29c
What is -8632 (base 11) in base 12?
-6729
318 (base 11) to base 6
1434
Convert -5733 (base 8) to base 15.
-d75
-83f (base 16) to base 15
-95b
What is -25341 (base 6) in base 5?
-110210
What is 111001 (base 2) in base 15?
3c
What is a82 (base 11) in base 15?
5ba
Convert -11110100001 (base 2) to base 3.
-2200100
Convert 140131 (base 5) to base 12.
3342
What is 5425 (base 9) in base 5?
111432
What is 108 (base 9) in base 12?
75
What is 24 (base 10) in base 4?
120
-361 (base 7) to base 13
-118
Convert 113 (base 14) to base 15.
e3
What is 2223 (base 7) in base 4?
30201
-3a (base 12) to base 16
-2e
Convert -571 (base 11) to base 5.
-10213
Convert 417 (base 12) to base 16.
253
What is 53636 (base 11) in base 2?
10011000010001011
-413 (base 14) to base 8
-1441
-321 (base 5) to base 3
-10012
-a9a5 (base 11) to base 16
-38b2
What is -43333 (base 6) in base 4?
-1131021
What is -21663 (base 8) in base 2?
-10001110110011
What is -2071 (base 8) in base 12?
-761
What is -20050 (base 6) in base 12?
-1626
Convert -72144 (base 8) to base 4.
-13101210
What is 120210 (base 3) in base 2?
110101010
What is -101001 (base 2) in base 10?
-41
-29d (base 14) to base 2
-1000010011
What is 1100000000101 (base 2) in base 15?
1c4e
43 (base 11) to base 8
57
-8747 (base 11) to base 13
-5342
What is 1a2 (base 16) in base 2?
110100010
43166 (base 7) to base 13
4b65
-10211110 (base 3) to base 15
-c63
-8117 (base 11) to base 13
-4baa
528 (base 11) to base 3
212112
3238 (base 13) to base 16
1b40
Convert -340342 (base 5) to base 7.
-46622
What is 11031130 (base 4) in base 13?
9937
What is -323300 (base 4) in base 5?
-110244
What is -2210 (base 4) in base 8?
-244
-4112 (base 5) to base 4
-20110
What is -12245 (base 6) in base 16?
-725
Convert -628 (base 10) to base 14.
-32c
450 (base 16) to base 13
66c
Convert -100110010001111 (base 2) to base 13.
-8bc8
What is 1b43 (base 13) in base 12?
2467
What is 387 (base 10) in base 7?
1062
-737 (base 8) to base 14
-263
Convert 1900 (base 10) to base 12.
1124
Convert 5072 (base 9) to base 15.
1175
What is -1cc (base 16) in base 7?
-1225
What is 566 (base 14) in base 6?
4542
-255 (base 12) to base 3
-111002
Convert -1111001110 (base 2) to base 13.
-59c
Convert -685 (base 10) to base 8.
-1255
Convert 3131 (base 7) to base 15.
4d5
What is -958 (base 10) in base 3?
-1022111
What is 134 (base 12) in base 9?
224
-4340 (base 5) to base 11
-4a1
What is 13325 (base 11) in base 6?
224024
What is -20113 (base 7) in base 11?
-371a
Convert 18096 (base 10) to base 12.
a580
Convert -14a9 (base 11) to base 6.
-12542
What is 3cd (base 14) in base 10?
769
What is 5ac (base 15) in base 11?
a70
Convert -a285 (base 13) to base 11.
-1592a
What is 13234 (base 5) in base 8?
2055
Convert 1201100 (base 3) to base 4.
103203
100100001101101 (base 2) to base 11
12a26
What is -1623 (base 9) in base 8?
-2324
What is 21021321 (base 4) in base 7?
214215
30 (base 14) to base 5
132
What is -30320 (base 7) in base 14?
-2980
-1100212 (base 3) to base 10
-995
12111 (base 6) to base 15
7d1
Convert 111110011011 (base 2) to base 6.
30255
Convert -2220001000 (base 3) to base 12.
-28b09
Convert -2210012 (base 4) to base 9.
-15358
-10110011 (base 2) to base 6
-455
-211000222 (base 3) to base 7
-64556
Convert -554 (base 8) to base 7.
-1030
What is 2202012 (base 3) in base 8?
3723
Convert 6a7 (base 13) to base 9.
1518
-302 (base 9) to base 13
-15b
195 (base 12) to base 3
100112
Convert 31421 (base 5) to base 3.
2220012
102 (base 8) to base 5
231
What is 102200221 (base 3) in base 7?
33604
-10542 (base 7) to base 16
-a74
What is 13100 (base 4) in base 7?
1232
What is 2438 (base 12) in base 10?
4076
Convert 4 (base 11) to base 3.
11
What is -1034 (base 5) in base 3?
-12100
1570 (base 9) to base 10
1197
Convert 178 (base 16) to base 7.
1045
Convert -2024 (base 12) to base 4.
-312130
What is 1001111221 (base 3) in base 9?
31457
Convert 6523 (base 10) to base 14.
253d
Convert -3743 (base 8) to base 2.
-11111100011
What is 444a (base 13) in base 15?
2c51
What is -365 (base 14) in base 12?
-485
Convert 9824 (base 10) to base 5.
303244
What is 9a1 (base 14) in base 11?
1482
Convert -1554 (base 7) to base 16.
-273
14b58 (base 13) to base 2
1001100101110001
Convert -d08 (base 15) to base 6.
-21325
Convert -422 (base 13) to base 14.
-384
-371a (base 16) to base 13
-6561
86121 (base 9) to base 15
11d27
Convert -896 (base 16) to ba